{"id":16108,"date":"2026-04-14T10:49:27","date_gmt":"2026-04-14T08:49:27","guid":{"rendered":"https:\/\/valmec-rocks.com\/?page_id=16108"},"modified":"2026-04-28T08:18:46","modified_gmt":"2026-04-28T06:18:46","slug":"actualites-decoupe-jet-eau-et-aerogommage","status":"publish","type":"page","link":"https:\/\/valmec-rocks.com\/index.php\/actualites-decoupe-jet-eau-et-aerogommage\/","title":{"rendered":"Page ACTUALIT\u00c9S"},"content":{"rendered":"\t\t<div data-elementor-type=\"wp-page\" data-elementor-id=\"16108\" class=\"elementor elementor-16108\" data-elementor-post-type=\"page\">\n\t\t\t\t<div class=\"elementor-element elementor-element-1324f6d e-flex e-con-boxed e-con e-parent\" data-id=\"1324f6d\" data-element_type=\"container\" data-e-type=\"container\" data-settings=\"{&quot;background_background&quot;:&quot;classic&quot;}\">\n\t\t\t\t\t<div class=\"e-con-inner\">\n\t\t\t\t\t<\/div>\n\t\t\t\t<\/div>\n\t\t<div class=\"elementor-element elementor-element-76dbf93 e-flex e-con-boxed e-con e-parent\" data-id=\"76dbf93\" data-element_type=\"container\" data-e-type=\"container\">\n\t\t\t\t\t<div class=\"e-con-inner\">\n\t\t\t\t<div class=\"elementor-element elementor-element-bbcaac2 elementor-widget elementor-widget-heading\" data-id=\"bbcaac2\" data-element_type=\"widget\" data-e-type=\"widget\" data-widget_type=\"heading.default\">\n\t\t\t\t\t<h1 class=\"elementor-heading-title elementor-size-default\">ACTUALIT\u00c9S<\/h1>\t\t\t\t<\/div>\n\t\t\t\t\t<\/div>\n\t\t\t\t<\/div>\n\t\t<div class=\"elementor-element elementor-element-cbda28d e-con-full e-flex e-con e-parent\" data-id=\"cbda28d\" data-element_type=\"container\" data-e-type=\"container\">\n\t\t<div class=\"elementor-element elementor-element-b45706e e-con-full e-flex e-con e-child\" data-id=\"b45706e\" data-element_type=\"container\" data-e-type=\"container\">\n\t\t\t\t<div class=\"elementor-element elementor-element-aabe52a elementor-widget elementor-widget-text-editor\" data-id=\"aabe52a\" data-element_type=\"widget\" data-e-type=\"widget\" data-widget_type=\"text-editor.default\">\n\t\t\t\t\t\t\t\t\t<p>De nombreux articles sont \u00e0 votre disposition pour vous permettre de tout savoir sur l&rsquo;abarsif garnet. \u00c9galement, vous en apprendrez d&rsquo;avantage sur le proc\u00e9d\u00e9 de d\u00e9coupe jet d&rsquo;eau et le d\u00e9capage par a\u00e9rogommage, deux technologies utilisant l&rsquo;abrasif propos\u00e9 par Valmec.\u00a0<\/p><p>Bonne lecture !<\/p>\t\t\t\t\t\t\t\t<\/div>\n\t\t\t\t<\/div>\n\t\t\t\t<div class=\"elementor-element elementor-element-c1c60f7 elementor-posts--align-left elementor-grid-3 elementor-grid-tablet-2 elementor-grid-mobile-1 elementor-posts--thumbnail-top elementor-card-shadow-yes elementor-posts__hover-gradient elementor-widget elementor-widget-posts\" data-id=\"c1c60f7\" data-element_type=\"widget\" data-e-type=\"widget\" data-settings=\"{&quot;pagination_type&quot;:&quot;prev_next&quot;,&quot;cards_columns&quot;:&quot;3&quot;,&quot;cards_columns_tablet&quot;:&quot;2&quot;,&quot;cards_columns_mobile&quot;:&quot;1&quot;,&quot;cards_row_gap&quot;:{&quot;unit&quot;:&quot;px&quot;,&quot;size&quot;:35,&quot;sizes&quot;:[]},&quot;cards_row_gap_tablet&quot;:{&quot;unit&quot;:&quot;px&quot;,&quot;size&quot;:&quot;&quot;,&quot;sizes&quot;:[]},&quot;cards_row_gap_mobile&quot;:{&quot;unit&quot;:&quot;px&quot;,&quot;size&quot;:&quot;&quot;,&quot;sizes&quot;:[]}}\" data-widget_type=\"posts.cards\">\n\t\t\t\t<div class=\"elementor-widget-container\">\n\t\t\t\t\t\t\t<div class=\"elementor-posts-container elementor-posts elementor-posts--skin-cards elementor-grid\" role=\"list\">\n\t\t\t\t<article class=\"elementor-post elementor-grid-item post-16076 post type-post status-publish format-standard has-post-thumbnail hentry category-abrasif\" role=\"listitem\">\n\t\t\t<div class=\"elementor-post__card\">\n\t\t\t\t<a class=\"elementor-post__thumbnail__link\" href=\"https:\/\/valmec-rocks.com\/index.php\/2026\/04\/13\/production-et-acheminement-tout-savoir-sur-le-garnet-valmec\/\" tabindex=\"-1\" target=\"_blank\"><div class=\"elementor-post__thumbnail\"><img fetchpriority=\"high\" decoding=\"async\" width=\"800\" height=\"480\" src=\"https:\/\/valmec-rocks.com\/wp-content\/uploads\/2026\/04\/Chargement-garnet-transport.jpg\" class=\"attachment-large size-large wp-image-16097\" alt=\"\" srcset=\"https:\/\/valmec-rocks.com\/wp-content\/uploads\/2026\/04\/Chargement-garnet-transport.jpg 1000w, https:\/\/valmec-rocks.com\/wp-content\/uploads\/2026\/04\/Chargement-garnet-transport-300x180.jpg 300w, https:\/\/valmec-rocks.com\/wp-content\/uploads\/2026\/04\/Chargement-garnet-transport-768x461.jpg 768w\" sizes=\"(max-width: 800px) 100vw, 800px\" \/><\/div><\/a>\n\t\t\t\t<div class=\"elementor-post__badge\">Abrasif<\/div>\n\t\t\t\t<div class=\"elementor-post__text\">\n\t\t\t\t<h1 class=\"elementor-post__title\">\n\t\t\t<a href=\"https:\/\/valmec-rocks.com\/index.php\/2026\/04\/13\/production-et-acheminement-tout-savoir-sur-le-garnet-valmec\/\" target=&quot;_blank&quot;>\n\t\t\t\tProduction et acheminement, tout savoir sur le garnet Valmec\t\t\t<\/a>\n\t\t<\/h1>\n\t\t\t\t<div class=\"elementor-post__excerpt\">\n\t\t\t<p>La qualit\u00e9 du garnet Valmec permet d\u2019utiliser cet abrasif pour r\u00e9aliser des d\u00e9capages par a\u00e9rogommage ainsi que la d\u00e9coupe par jet d\u2019eau. Pour satisfaire toutes les applications, nous proposons une large gamme de granulom\u00e9tries concernant le garnet, allant du 30\/60 Mesh au 400 Mesh.<\/p>\n\t\t<\/div>\n\t\t\t\t\t<div class=\"elementor-post__read-more-wrapper\">\n\t\t\n\t\t<a class=\"elementor-post__read-more\" href=\"https:\/\/valmec-rocks.com\/index.php\/2026\/04\/13\/production-et-acheminement-tout-savoir-sur-le-garnet-valmec\/\" aria-label=\"En savoir plus sur Production et acheminement, tout savoir sur le garnet Valmec\" tabindex=\"-1\" target=\"_blank\">\n\t\t\tLire plus\t\t<\/a>\n\n\t\t\t\t\t<\/div>\n\t\t\t\t<\/div>\n\t\t\t\t<div class=\"elementor-post__meta-data\">\n\t\t\t\t\t<span class=\"elementor-post-date\">\n\t\t\t13 avril 2026\t\t<\/span>\n\t\t\t\t<\/div>\n\t\t\t\t\t<\/div>\n\t\t<\/article>\n\t\t\t\t<article class=\"elementor-post elementor-grid-item post-16054 post type-post status-publish format-standard has-post-thumbnail hentry category-abrasif\" role=\"listitem\">\n\t\t\t<div class=\"elementor-post__card\">\n\t\t\t\t<a class=\"elementor-post__thumbnail__link\" href=\"https:\/\/valmec-rocks.com\/index.php\/2026\/04\/13\/les-differentes-granulometries-de-labrasif-garnet\/\" tabindex=\"-1\" target=\"_blank\"><div class=\"elementor-post__thumbnail\"><img decoding=\"async\" width=\"800\" height=\"800\" src=\"https:\/\/valmec-rocks.com\/wp-content\/uploads\/2026\/04\/Abrasif-garnet-120-mesh.png\" class=\"attachment-large size-large wp-image-16217\" alt=\"\" srcset=\"https:\/\/valmec-rocks.com\/wp-content\/uploads\/2026\/04\/Abrasif-garnet-120-mesh.png 1024w, https:\/\/valmec-rocks.com\/wp-content\/uploads\/2026\/04\/Abrasif-garnet-120-mesh-300x300.png 300w, https:\/\/valmec-rocks.com\/wp-content\/uploads\/2026\/04\/Abrasif-garnet-120-mesh-150x150.png 150w, https:\/\/valmec-rocks.com\/wp-content\/uploads\/2026\/04\/Abrasif-garnet-120-mesh-768x768.png 768w, https:\/\/valmec-rocks.com\/wp-content\/uploads\/2026\/04\/elementor\/thumbs\/Abrasif-garnet-120-mesh-rm1b6tsenukncyq641ddd5oimwegbsesowviczpl1s.png 200w, https:\/\/valmec-rocks.com\/wp-content\/uploads\/2026\/04\/elementor\/thumbs\/Abrasif-garnet-120-mesh-rm1b6tsf9ryv5yt1bhsyf73p5ki9no0nmt63foy72c.png 250w, https:\/\/valmec-rocks.com\/wp-content\/uploads\/2026\/04\/elementor\/thumbs\/Abrasif-garnet-120-mesh-rm1b6tsf5e3805znvlpu7l7v1u33shp31mpktjwh28.png 240w, https:\/\/valmec-rocks.com\/wp-content\/uploads\/2026\/04\/elementor\/thumbs\/Abrasif-garnet-120-mesh-rm1b6tsewmbxokcwztjlsdg6ud8s251xv9sjl9t120.png 220w, https:\/\/valmec-rocks.com\/wp-content\/uploads\/2026\/04\/elementor\/thumbs\/Abrasif-garnet-120-mesh-rm1b6tsf107kud6afpmpzzc0y3nxxbdigg927eur24.png 230w\" sizes=\"(max-width: 800px) 100vw, 800px\" \/><\/div><\/a>\n\t\t\t\t<div class=\"elementor-post__badge\">Abrasif<\/div>\n\t\t\t\t<div class=\"elementor-post__text\">\n\t\t\t\t<h1 class=\"elementor-post__title\">\n\t\t\t<a href=\"https:\/\/valmec-rocks.com\/index.php\/2026\/04\/13\/les-differentes-granulometries-de-labrasif-garnet\/\" target=&quot;_blank&quot;>\n\t\t\t\tLes diff\u00e9rentes granulom\u00e9tries de l&rsquo;abrasif garnet\t\t\t<\/a>\n\t\t<\/h1>\n\t\t\t\t<div class=\"elementor-post__excerpt\">\n\t\t\t<p>Le garnet est l&rsquo;abrasif le plus utilis\u00e9 dans les proc\u00e9d\u00e9s de d\u00e9capage comme l&rsquo;a\u00e9rogommage et la d\u00e9coupe au jet d&rsquo;eau. En fonction de l&rsquo;application \u00e0 r\u00e9aliser, il conviendra de choisir la granulom\u00e9trie la plus adapt\u00e9e.<\/p>\n\t\t<\/div>\n\t\t\t\t\t<div class=\"elementor-post__read-more-wrapper\">\n\t\t\n\t\t<a class=\"elementor-post__read-more\" href=\"https:\/\/valmec-rocks.com\/index.php\/2026\/04\/13\/les-differentes-granulometries-de-labrasif-garnet\/\" aria-label=\"En savoir plus sur Les diff\u00e9rentes granulom\u00e9tries de l&rsquo;abrasif garnet\" tabindex=\"-1\" target=\"_blank\">\n\t\t\tLire plus\t\t<\/a>\n\n\t\t\t\t\t<\/div>\n\t\t\t\t<\/div>\n\t\t\t\t<div class=\"elementor-post__meta-data\">\n\t\t\t\t\t<span class=\"elementor-post-date\">\n\t\t\t13 avril 2026\t\t<\/span>\n\t\t\t\t<\/div>\n\t\t\t\t\t<\/div>\n\t\t<\/article>\n\t\t\t\t<article class=\"elementor-post elementor-grid-item post-16007 post type-post status-publish format-standard has-post-thumbnail hentry category-decoupe-jet-deau\" role=\"listitem\">\n\t\t\t<div class=\"elementor-post__card\">\n\t\t\t\t<a class=\"elementor-post__thumbnail__link\" href=\"https:\/\/valmec-rocks.com\/index.php\/2026\/04\/10\/decoupe-jet-deau-et-aerogommage-quelles-differences\/\" tabindex=\"-1\" target=\"_blank\"><div class=\"elementor-post__thumbnail\"><img decoding=\"async\" width=\"800\" height=\"533\" src=\"https:\/\/valmec-rocks.com\/wp-content\/uploads\/2026\/04\/Machine-de-decoupe-jet-deau-2-1024x682.jpg\" class=\"attachment-large size-large wp-image-15831\" alt=\"\" srcset=\"https:\/\/valmec-rocks.com\/wp-content\/uploads\/2026\/04\/Machine-de-decoupe-jet-deau-2-1024x682.jpg 1024w, https:\/\/valmec-rocks.com\/wp-content\/uploads\/2026\/04\/Machine-de-decoupe-jet-deau-2-300x200.jpg 300w, https:\/\/valmec-rocks.com\/wp-content\/uploads\/2026\/04\/Machine-de-decoupe-jet-deau-2-768x512.jpg 768w, https:\/\/valmec-rocks.com\/wp-content\/uploads\/2026\/04\/Machine-de-decoupe-jet-deau-2-1536x1024.jpg 1536w, https:\/\/valmec-rocks.com\/wp-content\/uploads\/2026\/04\/Machine-de-decoupe-jet-deau-2.jpg 2000w\" sizes=\"(max-width: 800px) 100vw, 800px\" \/><\/div><\/a>\n\t\t\t\t<div class=\"elementor-post__badge\">D\u00e9coupe jet d&#039;eau<\/div>\n\t\t\t\t<div class=\"elementor-post__text\">\n\t\t\t\t<h1 class=\"elementor-post__title\">\n\t\t\t<a href=\"https:\/\/valmec-rocks.com\/index.php\/2026\/04\/10\/decoupe-jet-deau-et-aerogommage-quelles-differences\/\" target=&quot;_blank&quot;>\n\t\t\t\tD\u00e9coupe jet d&rsquo;eau et a\u00e9rogommage, quels avantages ?\t\t\t<\/a>\n\t\t<\/h1>\n\t\t\t\t<div class=\"elementor-post__excerpt\">\n\t\t\t<p>Il existe de multiples m\u00e9thodes pour d\u00e9caper des surfaces et des mati\u00e8res. Parmi elles, l\u2019a\u00e9rogommage et la d\u00e9coupe au jet d\u2019eau. Valmec en a fait sa sp\u00e9cialit\u00e9, en fournissant \u00e0 ses clients un abrasif d\u00e9di\u00e9 \u00e0 ces proc\u00e9d\u00e9s, le garnet.<\/p>\n\t\t<\/div>\n\t\t\t\t\t<div class=\"elementor-post__read-more-wrapper\">\n\t\t\n\t\t<a class=\"elementor-post__read-more\" href=\"https:\/\/valmec-rocks.com\/index.php\/2026\/04\/10\/decoupe-jet-deau-et-aerogommage-quelles-differences\/\" aria-label=\"En savoir plus sur D\u00e9coupe jet d&rsquo;eau et a\u00e9rogommage, quels avantages ?\" tabindex=\"-1\" target=\"_blank\">\n\t\t\tLire plus\t\t<\/a>\n\n\t\t\t\t\t<\/div>\n\t\t\t\t<\/div>\n\t\t\t\t<div class=\"elementor-post__meta-data\">\n\t\t\t\t\t<span class=\"elementor-post-date\">\n\t\t\t10 avril 2026\t\t<\/span>\n\t\t\t\t<\/div>\n\t\t\t\t\t<\/div>\n\t\t<\/article>\n\t\t\t\t<\/div>\n\t\t\n\t\t\t\t\t\t<\/div>\n\t\t\t\t<\/div>\n\t\t\t\t<\/div>\n\t\t\t\t<\/div>\n\t\t","protected":false},"excerpt":{"rendered":"<p>ACTUALIT\u00c9S De nombreux articles sont \u00e0 votre disposition pour vous permettre de tout savoir sur l&rsquo;abarsif garnet. \u00c9galement, vous en apprendrez d&rsquo;avantage sur le proc\u00e9d\u00e9 de d\u00e9coupe jet d&rsquo;eau et le d\u00e9capage par a\u00e9rogommage, deux technologies utilisant l&rsquo;abrasif propos\u00e9 par Valmec.\u00a0 Bonne lecture !<\/p>\n","protected":false},"author":2,"featured_media":0,"parent":0,"menu_order":0,"comment_status":"closed","ping_status":"closed","template":"","meta":{"footnotes":""},"class_list":["post-16108","page","type-page","status-publish","hentry"],"_links":{"self":[{"href":"https:\/\/valmec-rocks.com\/index.php\/wp-json\/wp\/v2\/pages\/16108","targetHints":{"allow":["GET"]}}],"collection":[{"href":"https:\/\/valmec-rocks.com\/index.php\/wp-json\/wp\/v2\/pages"}],"about":[{"href":"https:\/\/valmec-rocks.com\/index.php\/wp-json\/wp\/v2\/types\/page"}],"author":[{"embeddable":true,"href":"https:\/\/valmec-rocks.com\/index.php\/wp-json\/wp\/v2\/users\/2"}],"replies":[{"embeddable":true,"href":"https:\/\/valmec-rocks.com\/index.php\/wp-json\/wp\/v2\/comments?post=16108"}],"version-history":[{"count":60,"href":"https:\/\/valmec-rocks.com\/index.php\/wp-json\/wp\/v2\/pages\/16108\/revisions"}],"predecessor-version":[{"id":16719,"href":"https:\/\/valmec-rocks.com\/index.php\/wp-json\/wp\/v2\/pages\/16108\/revisions\/16719"}],"wp:attachment":[{"href":"https:\/\/valmec-rocks.com\/index.php\/wp-json\/wp\/v2\/media?parent=16108"}],"curies":[{"name":"wp","href":"https:\/\/api.w.org\/{rel}","templated":true}]}}